 divided by 32?
26
Calculate the remainder when 7988 is divided by 1128.
92
What is the remainder when 15902 is divided by 274?
10
Calculate the remainder when 49896 is divided by 1612.
1536
What is the remainder when 39546 is divided by 24?
18
What is the remainder when 17636 is divided by 44?
36
What is the remainder when 12597 is divided by 12591?
6
Calculate the remainder when 754 is divided by 17.
6
What is the remainder when 883 is divided by 78?
25
Calculate the remainder when 15398 is divided by 405.
8
Calculate the remainder when 255489 is divided by 119.
115
Calculate the remainder when 1395 is divided by 843.
552
Calculate the remainder when 2525 is divided by 1517.
1008
Calculate the remainder when 15897 is divided by 25.
22
Calculate the remainder when 21432 is divided by 126.
12
Calculate the remainder when 25715 is divided by 45.
20
What is the remainder when 2393 is divided by 93?
68
Calculate the remainder when 10333 is divided by 1432.
309
Calculate the remainder when 51677 is divided by 49.
31
Calculate the remainder when 3732 is divided by 232.
20
What is the remainder when 272075 is divided by 79?
78
What is the remainder when 43929 is divided by 4?
1
Calculate the remainder when 5488 is divided by 2739.
10
Calculate the remainder when 6901 is divided by 3085.
731
What is the remainder when 13581 is divided by 421?
109
Calculate the remainder when 12648 is divided by 3162.
0
Calculate the remainder when 698258 is divided by 6.
2
What is the remainder when 378820 is divided by 15?
10
Calculate the remainder when 19927 is divided by 3873.
562
What is the remainder when 15146 is divided by 106?
94
Calculate the remainder when 450207 is divided by 12.
3
Calculate the remainder when 8933 is divided by 63.
50
Calculate the remainder when 195875 is divided by 12.
11
What is the remainder when 1485 is divided by 529?
427
Calculate the remainder when 11291 is divided by 3754.
29
What is the remainder when 15666 is divided by 263?
149
What is the remainder when 234330 is divided by 133?
117
What is the remainder when 156330 is divided by 39082?
2
Calculate the remainder when 16230 is divided by 8080.
70
Calculate the remainder when 7892 is divided by 1117.
73
Calculate the remainder when 30173 is divided by 228.
77
What is the remainder when 2890 is divided by 593?
518
What is the remainder when 37528 is divided by 391?
383
What is the remainder when 107022 is divided by 58?
12
What is the remainder when 1144 is divided by 16?
8
Calculate the remainder when 14379 is divided by 77.
57
What is the remainder when 23972 is divided by 7?
4
Calculate the remainder when 371894 is divided by 426.
422
Calculate the remainder when 9583 is divided by 290.
13
What is the remainder when 9108 is divided by 120?
108
What is the remainder when 12546 is divided by 6238?
70
Calculate the remainder when 9666 is divided by 3210.
36
What is the remainder when 37753 is divided by 75?
28
What is the remainder when 9566 is divided by 4780?
6
Calculate the remainder when 145286 is divided by 245.
1
Calculate the remainder when 379 is divided by 127.
125
Calculate the remainder when 3772 is divided by 1876.
20
What is the remainder when 25786 is divided by 48?
10
What is the remainder when 28566 is divided by 441?
342
Calculate the remainder when 1575131 is divided by 6.
5
What is the remainder when 109006 is divided by 35?
16
Calculate the remainder when 24509 is divided by 8.
5
Calculate the remainder when 2520 is divided by 316.
308
Calculate the remainder when 82063 is divided by 97.
1
What is the remainder when 10733 is divided by 1006?
673
Calculate the remainder when 27807 is divided by 36.
15
What is the remainder when 247143 is divided by 9?
3
Calculate the remainder when 10750 is divided by 51.
40
Calculate the remainder when 5182 is divided by 402.
358
What is the remainder when 53675 is divided by 31?
14
Calculate the remainder when 10906 is divided by 234.
142
Calculate the remainder when 4126 is divided by 822.
16
Calculate the remainder when 93058 is divided by 74.
40
Calculate the remainder when 47000 is divided by 120.
80
Calculate the remainder when 536637 is divided by 416.
413
Calculate the remainder when 76944 is divided by 11.
10
Calculate the remainder when 371066 is divided by 729.
5
Calculate the remainder when 332291 is divided by 1288.
1275
What is the remainder when 326135 is divided by 60?
35
Calculate the remainder when 4725457 is divided by 681.
679
Calculate the remainder when 472973 is divided by 5.
3
Calculate the remainder when 3781 is divided by 404.
145
Calculate the remainder when 9477 is divided by 360.
117
Calculate the remainder when 2331 is divided by 1450.
881
What is the remainder when 539499 is divided by 325?
324
What is the remainder when 9482 is divided by 1417?
980
Calculate the remainder when 12159 is divided by 69.
15
Calculate the remainder when 1200 is divided by 225.
75
What is the remainder when 645654 is divided by 638?
636
What is the remainder when 31615 is divided by 207?
151
What is the remainder when 14332 is divided by 3568?
60
Calculate the remainder when 1074 is divided by 65.
34
Calculate the remainder when 165597 is divided by 36.
33
Calculate the remainder when 28122 is divided by 56.
10
What is the remainder when 739 is divided by 30?
19
What is the remainder when 386 is divided by 27?
8
What is the remainder when 1517 is divided by 12?
5
Calculate the remainder when 18513 is divided by 2000.
513
What is the remainder when 14332 is divided by 2859?
37
What is the remainder when 30162 is divided by 471?
18
What is the remainder when 10487 is divided by 1164?
11
Calculate the remainder when 48253 is divided by 208.
205
Calculate the remainder when 2921 is divided by 931.
128
What is the remainder when 14230 is divided by 2826?
100
Calculate the remainder when 11125 is divided by 2190.
175
What is the remainder when 13645 is divided by 371?
289
Calculate the remainder when 20041 is divided by 211.
207
What is the remainder when 1968 is divided by 593?
189
What is the remainder when 602667 is divided by 84?
51
What is the remainder when 230188 is divided by 76726?
10
Calculate the remainder when 601 is divided by 108.
61
Calculate the remainder when 321599 is divided by 200.
199
Calculate the remainder when 713 is divided by 100.
13
What is the remainder when 44813 is divided by 5600?
13
Calculate the remainder when 114533 is divided by 409.
13
Calculate the remainder when 296927 is divided by 83.
36
Calculate the remainder when 8830 is divided by 586.
40
Calculate the remainder when 16798 is divided by 886.
850
What is the remainder when 12186 is divided by 127?
121
Calculate the remainder when 402 is divided by 366.
36
Calculate the remainder when 197842 is divided by 183.
19
Calculate the remainder when 14057 is divided by 265.
12
What is the remainder when 22723 is divided by 92?
91
Calculate the remainder when 334687 is divided by 16.
15
Calculate the remainder when 60778 is divided by 62.
18
Calculate the remainder when 1880 is divided by 148.
104
What is the remainder when 2851 is divided by 23?
22
Calculate the remainder when 117324 is divided by 19.
18
Calculate the remainder when 9089 is divided by 1298.
3
Calculate the remainder when 11442 is divided by 1798.
654
What is the remainder when 11306 is divided by 180?
146
What is the remainder when 2105 is divided by 301?
299
What is the remainder when 7945 is divided by 441?
7
What is the remainder when 38972 is divided by 6462?
200
What is the remainder when 11675 is divided by 10875?
800
What is the remainder when 12481 is divided by 430?
11
What is the remainder when 3304 is divided by 162?
64
Calculate the remainder when 35134 is divided by 439.
14
What is the remainder when 161932 is divided by 88?
12
Calculate the remainder when 40843 is divided by 35.
33
What is the remainder when 43425 is divided by 579?
0
What is the remainder when 1194 is divided by 399?
396
Calculate the remainder when 2266 is divided by 78.
4
Calculate the remainder when 27728 is divided by 483.
197
What is the remainder when 5155 is divided by 5106?
49
Calculate the remainder when 4368 is divided by 217.
28
Calculate the remainder when 19323 is divided 